{"id":1726,"date":"2020-12-07T13:19:30","date_gmt":"2020-12-07T12:19:30","guid":{"rendered":"http:\/\/szixi.hu\/web\/?page_id=1726"},"modified":"2026-03-31T22:54:11","modified_gmt":"2026-03-31T21:54:11","slug":"oktatoink","status":"publish","type":"page","link":"https:\/\/szixi.hu\/web\/index.php\/oktatoink\/","title":{"rendered":"Oktat\u00f3ink"},"content":{"rendered":"\n<figure class=\"wp-block-table is-style-regular\"><table><thead><tr><th class=\"has-text-align-left\" data-align=\"left\"><strong>N\u00e9v<\/strong><\/th><th class=\"has-text-align-center\" data-align=\"center\"><strong>Oszt\u00e1lyf\u0151n\u00f6k<\/strong><\/th><th class=\"has-text-align-center\" data-align=\"center\"><strong>Oktatott t\u00e1rgyak<\/strong><\/th><th class=\"has-text-align-center\" data-align=\"center\"><strong>Egy\u00e9b<\/strong><\/th><th>El\u00e9rhet\u0151s\u00e9g<\/th><\/tr><\/thead><tbody><tr><td class=\"has-text-align-left\" data-align=\"left\"><strong>Nagy M\u00e1rta<\/strong><\/td><td class=\"has-text-align-center\" data-align=\"center\">13A<\/td><td class=\"has-text-align-center\" data-align=\"center\">Informatika<\/td><td class=\"has-text-align-center\" data-align=\"center\">igazgat\u00f3<\/td><td>igazgato@szixi.hu<\/td><\/tr><tr><td class=\"has-text-align-left\" data-align=\"left\"><strong>Luk\u00e1cs Zsuzsanna<\/strong><\/td><td class=\"has-text-align-center\" data-align=\"center\"><\/td><td class=\"has-text-align-center\" data-align=\"center\">Informatika<\/td><td class=\"has-text-align-center\" data-align=\"center\">\u00e1ltal\u00e1nos igazgat\u00f3helyettes<\/td><td>l.zsuzsanna@szixi.hu<\/td><\/tr><tr><td class=\"has-text-align-left\" data-align=\"left\"><strong>Rehlingov\u00e1 Emese<\/strong><\/td><td class=\"has-text-align-center\" data-align=\"center\">13B<\/td><td class=\"has-text-align-center\" data-align=\"center\">K\u00f6zgazdas\u00e1gtan<\/td><td class=\"has-text-align-center\" data-align=\"center\">szakmai igazgat\u00f3helyettes<\/td><td>r.emese@szixi.hu <\/td><\/tr><tr><td class=\"has-text-align-left\" data-align=\"left\">Alexovics Attila<\/td><td class=\"has-text-align-center\" data-align=\"center\"><\/td><td class=\"has-text-align-center\" data-align=\"center\">Informatika<\/td><td class=\"has-text-align-center\" data-align=\"center\"><\/td><td>alexovics.attila@szechenyi.szakkepzestatabanya.hu<\/td><\/tr><tr><td class=\"has-text-align-left\" data-align=\"left\">Csat\u00f3n\u00e9 Pfl\u00e9ger Judit<\/td><td class=\"has-text-align-center\" data-align=\"center\"><\/td><td class=\"has-text-align-center\" data-align=\"center\">Informatika<\/td><td class=\"has-text-align-center\" data-align=\"center\"><\/td><td>pfleger.judit@szechenyi.szakkepzestatabanya.hu<\/td><\/tr><tr><td class=\"has-text-align-left\" data-align=\"left\">D\u00e9sv\u00e1ri Zolt\u00e1n J\u00e1nos<\/td><td class=\"has-text-align-center\" data-align=\"center\"><\/td><td class=\"has-text-align-center\" data-align=\"center\">Informatika<\/td><td class=\"has-text-align-center\" data-align=\"center\"><\/td><td>desvari.zoltan@szechenyi.szakkepzestatabanya.hu<\/td><\/tr><tr><td class=\"has-text-align-left\" data-align=\"left\">F\u00f3thy No\u00e9mi<\/td><td class=\"has-text-align-center\" data-align=\"center\">9A<\/td><td class=\"has-text-align-center\" data-align=\"center\">K\u00f6zgazdas\u00e1gtan<\/td><td class=\"has-text-align-center\" data-align=\"center\">D\u00d6K-vezet\u0151<\/td><td>fothy.noemi@szechenyi.szakkepzestatabanya.hu<\/td><\/tr><tr><td class=\"has-text-align-left\" data-align=\"left\">Gucsi-V\u00e9gh P\u00e9ter<\/td><td class=\"has-text-align-center\" data-align=\"center\">11A<\/td><td class=\"has-text-align-center\" data-align=\"center\">Testnevel\u00e9s, F\u00f6ldrajz<\/td><td class=\"has-text-align-center\" data-align=\"center\"><\/td><td>gucsi-vegh.peter@szechenyi.szakkepzestatabanya.hu<\/td><\/tr><tr><td class=\"has-text-align-left\" data-align=\"left\">Gy\u00f6rke Szabolcs<\/td><td class=\"has-text-align-center\" data-align=\"center\"><\/td><td class=\"has-text-align-center\" data-align=\"center\">Angol nyelv, T\u00f6rt\u00e9nelem<\/td><td class=\"has-text-align-center\" data-align=\"center\"><\/td><td>gyorke.szabolcs@szechenyi.szakkepzestatabanya.hu<\/td><\/tr><tr><td class=\"has-text-align-left\" data-align=\"left\">H\u00e1zi Judit<\/td><td class=\"has-text-align-center\" data-align=\"center\"><\/td><td class=\"has-text-align-center\" data-align=\"center\">K\u00f6zgazdas\u00e1gtan<\/td><td class=\"has-text-align-center\" data-align=\"center\"><\/td><td>hazi.judit@szechenyi.szakkepzestatabanya.hu<\/td><\/tr><tr><td class=\"has-text-align-left\" data-align=\"left\">Heged\u00fcs Tam\u00e1s Frigyes<\/td><td class=\"has-text-align-center\" data-align=\"center\"><\/td><td class=\"has-text-align-center\" data-align=\"center\">Informatika<\/td><td class=\"has-text-align-center\" data-align=\"center\"><\/td><td>hegedus.tamas@szechenyi.szakkepzestatabanya.hu<\/td><\/tr><tr><td class=\"has-text-align-left\" data-align=\"left\">Kiss Petra Edit<\/td><td class=\"has-text-align-center\" data-align=\"center\"><\/td><td class=\"has-text-align-center\" data-align=\"center\">Angol nyelv<\/td><td class=\"has-text-align-center\" data-align=\"center\"><\/td><td>kiss.petra@szechenyi.szakkepzestatabanya.hu<\/td><\/tr><tr><td class=\"has-text-align-left\" data-align=\"left\">Lov\u00e1sz Veronika<\/td><td class=\"has-text-align-center\" data-align=\"center\">12A<\/td><td class=\"has-text-align-center\" data-align=\"center\">K\u00f6zgazdas\u00e1gtan<\/td><td class=\"has-text-align-center\" data-align=\"center\">K\u00f6zgazd\u00e1sz munkak\u00f6z\u00f6ss\u00e9g-vezet\u0151<\/td><td>lovasz.veronika@szechenyi.szakkepzestatabanya.hu<\/td><\/tr><tr><td class=\"has-text-align-left\" data-align=\"left\">Dr. Mondok \u00c1rp\u00e1d<\/td><td class=\"has-text-align-center\" data-align=\"center\">10B<\/td><td class=\"has-text-align-center\" data-align=\"center\">Matematika, Fizika<\/td><td class=\"has-text-align-center\" data-align=\"center\"><\/td><td>mondok.arpad@szechenyi.szakkepzestatabanya.hu<\/td><\/tr><tr><td class=\"has-text-align-left\" data-align=\"left\">Nagy Zsuzsanna<\/td><td class=\"has-text-align-center\" data-align=\"center\">12B<\/td><td class=\"has-text-align-center\" data-align=\"center\">Magyar nyelv \u00e9s irodalom<\/td><td class=\"has-text-align-center\" data-align=\"center\">K\u00f6zismereti munkak\u00f6z\u00f6ss\u00e9g-vezet\u0151<\/td><td>nagy.zsuzsanna@szechenyi.szakkepzestatabanya.hu<\/td><\/tr><tr><td class=\"has-text-align-left\" data-align=\"left\">Ol\u00e1h S\u00e1ndor<\/td><td class=\"has-text-align-center\" data-align=\"center\"><\/td><td class=\"has-text-align-center\" data-align=\"center\">T\u00f6rt\u00e9nelem, Informatika<\/td><td class=\"has-text-align-center\" data-align=\"center\"><\/td><td>olah.sandor@szechenyi.szakkepzestatabanya.hu<\/td><\/tr><tr><td class=\"has-text-align-left\" data-align=\"left\">P\u00e1kozdi Di\u00e1na<\/td><td class=\"has-text-align-center\" data-align=\"center\"><\/td><td class=\"has-text-align-center\" data-align=\"center\">K\u00f6zgazdas\u00e1gtan<\/td><td class=\"has-text-align-center\" data-align=\"center\"><\/td><td>pakozdi.diana@szechenyi.szakkepzestatabanya.hu<\/td><\/tr><tr><td class=\"has-text-align-left\" data-align=\"left\">Pint\u00e9r L\u00e1szl\u00f3<\/td><td class=\"has-text-align-center\" data-align=\"center\">9B<\/td><td class=\"has-text-align-center\" data-align=\"center\">Testnevel\u00e9s<\/td><td class=\"has-text-align-center\" data-align=\"center\">Oszt\u00e1lyf\u0151n\u00f6ki munkak\u00f6z\u00f6ss\u00e9g-vezet\u0151<\/td><td>pinter.laszlo@szechenyi.szakkepzestatabanya.hu<\/td><\/tr><tr><td class=\"has-text-align-left\" data-align=\"left\">Pirityi Katalin<\/td><td class=\"has-text-align-center\" data-align=\"center\">10A<\/td><td class=\"has-text-align-center\" data-align=\"center\">Angol nyelv<\/td><td class=\"has-text-align-center\" data-align=\"center\">Idegennyelvi munkak\u00f6zss\u00e9g-vezet\u0151<\/td><td>pirityi.katalin@szechenyi.szakkepzestatabanya.hu<\/td><\/tr><tr><td class=\"has-text-align-left\" data-align=\"left\">Proh\u00e1szka Sarolta Kl\u00e1ra<\/td><td class=\"has-text-align-center\" data-align=\"center\"><\/td><td class=\"has-text-align-center\" data-align=\"center\">K\u00f6zgazdas\u00e1gtan<\/td><td class=\"has-text-align-center\" data-align=\"center\"><\/td><td>prohaszka.sarolta@szechenyi.szakkepzestatabanya.hu<\/td><\/tr><tr><td class=\"has-text-align-left\" data-align=\"left\">Radicsn\u00e9 B\u00e9k\u00e9si Ildik\u00f3<\/td><td class=\"has-text-align-center\" data-align=\"center\"><\/td><td class=\"has-text-align-center\" data-align=\"center\">Matematika<\/td><td class=\"has-text-align-center\" data-align=\"center\"><\/td><td>radicsne.ildiko@szechenyi.szakkepzestatabanya.hu<\/td><\/tr><tr><td class=\"has-text-align-left\" data-align=\"left\">P\u00e1ldi-Schv\u00e9ger Gitta<\/td><td class=\"has-text-align-center\" data-align=\"center\">11B<\/td><td class=\"has-text-align-center\" data-align=\"center\">Matematika, Informatika<\/td><td class=\"has-text-align-center\" data-align=\"center\">Informatikai munkak\u00f6z\u00f6ss\u00e9g-vezet\u0151<\/td><td>schveger.gitta@szechenyi.szakkepzestatabanya.hu<\/td><\/tr><tr><td class=\"has-text-align-left\" data-align=\"left\">Sebesty\u00e9n M\u00e1rta<\/td><td class=\"has-text-align-center\" data-align=\"center\">11C<\/td><td class=\"has-text-align-center\" data-align=\"center\">Magyar nyelv \u00e9s irodalom<\/td><td class=\"has-text-align-center\" data-align=\"center\"><\/td><td>sebestyen.marta@szechenyi.szakkepzestatabanya.hu<\/td><\/tr><tr><td class=\"has-text-align-left\" data-align=\"left\">Szemler Tam\u00e1s<\/td><td class=\"has-text-align-center\" data-align=\"center\"><\/td><td class=\"has-text-align-center\" data-align=\"center\">Informatika<\/td><td class=\"has-text-align-center\" data-align=\"center\"><\/td><td>szemler.tamas@szechenyi.szakkepzestatabanya.hu<\/td><\/tr><\/tbody><\/table><\/figure>\n","protected":false},"excerpt":{"rendered":"<p>N\u00e9v Oszt\u00e1lyf\u0151n\u00f6k Oktatott t\u00e1rgyak Egy\u00e9b El\u00e9rhet\u0151s\u00e9g Nagy M\u00e1rta 13A Informatika igazgat\u00f3 igazgato@szixi.hu Luk\u00e1cs Zsuzsanna Informatika \u00e1ltal\u00e1nos igazgat\u00f3helyettes l.zsuzsanna@szixi.hu Rehlingov\u00e1 Emese 13B K\u00f6zgazdas\u00e1gtan szakmai igazgat\u00f3helyettes r.emese@szixi.hu Alexovics Attila Informatika alexovics.attila@szechenyi.szakkepzestatabanya.hu Csat\u00f3n\u00e9 Pfl\u00e9ger Judit Informatika pfleger.judit@szechenyi.szakkepzestatabanya.hu D\u00e9sv\u00e1ri Zolt\u00e1n J\u00e1nos Informatika desvari.zoltan@szechenyi.szakkepzestatabanya.hu F\u00f3thy No\u00e9mi 9A K\u00f6zgazdas\u00e1gtan D\u00d6K-vezet\u0151 fothy.noemi@szechenyi.szakkepzestatabanya.hu Gucsi-V\u00e9gh P\u00e9ter 11A Testnevel\u00e9s, F\u00f6ldrajz [&hellip;]<\/p>\n","protected":false},"author":1,"featured_media":0,"parent":0,"menu_order":0,"comment_status":"closed","ping_status":"closed","template":"","meta":{"_EventAllDay":false,"_EventTimezone":"","_EventStartDate":"","_EventEndDate":"","_EventStartDateUTC":"","_EventEndDateUTC":"","_EventShowMap":false,"_EventShowMapLink":false,"_EventURL":"","_EventCost":"","_EventCostDescription":"","_EventCurrencySymbol":"","_EventCurrencyCode":"","_EventCurrencyPosition":"","_EventDateTimeSeparator":"","_EventTimeRangeSeparator":"","_EventOrganizerID":[],"_EventVenueID":[],"_OrganizerEmail":"","_OrganizerPhone":"","_OrganizerWebsite":"","_VenueAddress":"","_VenueCity":"","_VenueCountry":"","_VenueProvince":"","_VenueState":"","_VenueZip":"","_VenuePhone":"","_VenueURL":"","_VenueStateProvince":"","_VenueLat":"","_VenueLng":"","_VenueShowMap":false,"_VenueShowMapLink":false,"footnotes":""},"class_list":["post-1726","page","type-page","status-publish","hentry"],"_links":{"self":[{"href":"https:\/\/szixi.hu\/web\/index.php\/wp-json\/wp\/v2\/pages\/1726","targetHints":{"allow":["GET"]}}],"collection":[{"href":"https:\/\/szixi.hu\/web\/index.php\/wp-json\/wp\/v2\/pages"}],"about":[{"href":"https:\/\/szixi.hu\/web\/index.php\/wp-json\/wp\/v2\/types\/page"}],"author":[{"embeddable":true,"href":"https:\/\/szixi.hu\/web\/index.php\/wp-json\/wp\/v2\/users\/1"}],"replies":[{"embeddable":true,"href":"https:\/\/szixi.hu\/web\/index.php\/wp-json\/wp\/v2\/comments?post=1726"}],"version-history":[{"count":66,"href":"https:\/\/szixi.hu\/web\/index.php\/wp-json\/wp\/v2\/pages\/1726\/revisions"}],"predecessor-version":[{"id":4419,"href":"https:\/\/szixi.hu\/web\/index.php\/wp-json\/wp\/v2\/pages\/1726\/revisions\/4419"}],"wp:attachment":[{"href":"https:\/\/szixi.hu\/web\/index.php\/wp-json\/wp\/v2\/media?parent=1726"}],"curies":[{"name":"wp","href":"https:\/\/api.w.org\/{rel}","templated":true}]}}