{"id":3083,"date":"2024-05-10T11:05:35","date_gmt":"2024-05-10T10:05:35","guid":{"rendered":"https:\/\/szixi.hu\/web\/?page_id=3083"},"modified":"2024-05-10T11:31:34","modified_gmt":"2024-05-10T10:31:34","slug":"miert-erdemes-technikumban-tanulni","status":"publish","type":"page","link":"https:\/\/szixi.hu\/web\/index.php\/miert-erdemes-technikumban-tanulni\/","title":{"rendered":"Mi\u00e9rt \u00e9rdemes technikumban tanulni?"},"content":{"rendered":"\n<p>Technikumban elkezdett tanulm\u00e1nyok eset\u00e9n 5 \u00e9ves k\u00e9pz\u00e9sben vehetsz r\u00e9szt, amely 2 \u00e9v \u00e1gazati alapoktat\u00e1sb\u00f3l \u00e9s 3 \u00e9v szakir\u00e1ny\u00fa oktat\u00e1sb\u00f3l tev\u0151dik \u00f6ssze. A technikum \u00f6sszefogja a gimn\u00e1zium \u00e9s a szakmatanul\u00e1s el\u0151nyeit. <strong>Tanulm\u00e1nyaid sor\u00e1n a k\u00f6telez\u0151 \u00e9retts\u00e9gi t\u00e1rgyakat a gimn\u00e1ziumi oktat\u00e1ssal azonos tartalommal \u00e9s \u00f3rasz\u00e1mmal tanulhatod.<\/strong> A k\u00e9pz\u00e9s v\u00e9g\u00e9n \u00e9retts\u00e9gi v\u00e9gzetts\u00e9g \u00e9s szakk\u00e9pzetts\u00e9g egyszerre szerezhet\u0151. <strong>A szakmai vizsga \u00f6t\u00f6dik \u00e9retts\u00e9gi vizsgatant\u00e1rgyk\u00e9nt emelt szint\u0171 \u00e9retts\u00e9ginek sz\u00e1m\u00edt<\/strong>, amely ak\u00e1r el\u0151nyt jelenthet a fels\u0151oktat\u00e1sban a jelentkez\u00e9sed sor\u00e1n.<\/p>\n\n\n\n<figure class=\"wp-block-table is-style-regular\"><table class=\"has-fixed-layout\"><thead><tr><th><\/th><th class=\"has-text-align-center\" data-align=\"center\">Gimn\u00e1zium<\/th><th class=\"has-text-align-center\" data-align=\"center\">Technikum<\/th><\/tr><\/thead><tbody><tr><td><strong>C\u00e9l \u00e9s tartalom<\/strong><\/td><td class=\"has-text-align-center\" data-align=\"center\">\u00c1ltal\u00e1nos m\u0171velts\u00e9g<\/td><td class=\"has-text-align-center\" data-align=\"center\">\u00c1ltal\u00e1nos m\u0171velts\u00e9g + szakmai tud\u00e1s<\/td><\/tr><tr><td><strong>\u00c9retts\u00e9gi vizsga<\/strong><\/td><td class=\"has-text-align-center\" data-align=\"center\">\u00c9retts\u00e9gi<\/td><td class=\"has-text-align-center\" data-align=\"center\">\u00c9retts\u00e9gi + szakmai vizsga <br>(emelt \u00e9retts\u00e9ginek sz\u00e1m\u00edt)<\/td><\/tr><tr><td><strong>Tov\u00e1bbtanul\u00e1si lehet\u0151s\u00e9gek<\/strong><\/td><td class=\"has-text-align-center\" data-align=\"center\">Egyetem<\/td><td class=\"has-text-align-center\" data-align=\"center\">Egyetem (t\u00f6bbletpontok, kreditelismer\u00e9s szakir\u00e1ny\u00fa tov\u00e1bbtanul\u00e1s eset\u00e9n)<\/td><\/tr><tr><td><strong>\u00d6szt\u00f6nd\u00edj<\/strong><\/td><td class=\"has-text-align-center\" data-align=\"center\">NINCS<\/td><td class=\"has-text-align-center\" data-align=\"center\">VAN (mell\u00e9kelt t\u00e1bl\u00e1zat)<\/td><\/tr><tr><td><strong>P\u00e1lyakezd\u00e9si t\u00e1mogat\u00e1s<\/strong><\/td><td class=\"has-text-align-center\" data-align=\"center\">NINCS<\/td><td class=\"has-text-align-center\" data-align=\"center\">150&nbsp;000 \u00e9s 300 00 Ft k\u00f6z\u00f6tt<\/td><\/tr><\/tbody><\/table><figcaption class=\"wp-element-caption\">A gimn\u00e1ziumi \u00e9s technikumi k\u00e9pz\u00e9s \u00f6sszehasonl\u00edt\u00e1sa<\/figcaption><\/figure>\n\n\n\n<p>2024-ben is a<strong> legt\u00f6bben a technikumokat v\u00e1lasztott\u00e1k<\/strong> az \u00e1ltal\u00e1nos iskola nyolcadik oszt\u00e1ly\u00e1nak elv\u00e9gz\u00e9s\u00e9t k\u00f6vet\u0151en. Az a t\u00e9ny, hogy manaps\u00e1g t\u00edzb\u0151l hat fiatal v\u00e1lasztja a szakk\u00e9pz\u00e9st, annak is k\u00f6sz\u00f6nhet\u0151, hogy a 2020-ban meg\u00fajult szakk\u00e9pz\u00e9si rendszer <strong>jobban felk\u00e9sz\u00edt a munkaer\u0151piaci ig\u00e9nyekre<\/strong>, \u00f6szt\u00f6nd\u00edjakkal t\u00e1mogatja a fiatalokat \u00e9s az \u00e1ltal\u00e1nos iskolai tanulm\u00e1nyokat befejez\u0151 di\u00e1koknak m\u00e1r nem szakm\u00e1t kell v\u00e1lasztaniuk, hanem egy \u00e9rdekl\u0151d\u00e9s\u00fcknek megfelel\u0151 ir\u00e1nyt, azaz \u00e1gazatot. A konkr\u00e9t szakm\u00e1r\u00f3l k\u00e9s\u0151bb, a tapasztalatok birtok\u00e1ban hozhatnak megalapozott d\u00f6nt\u00e9st.<\/p>\n\n\n\n<figure class=\"wp-block-image size-full has-custom-border\"><img loading=\"lazy\" decoding=\"async\" width=\"2560\" height=\"1599\" src=\"https:\/\/szixi.hu\/web\/wp-content\/uploads\/2024\/05\/young-teenage-girls-recording-reels-themselves-outdoors-social-media-edited-1-scaled.jpg\" alt=\"\" class=\"wp-image-3106\" style=\"border-radius:5px\" srcset=\"https:\/\/szixi.hu\/web\/wp-content\/uploads\/2024\/05\/young-teenage-girls-recording-reels-themselves-outdoors-social-media-edited-1-scaled.jpg 2560w, https:\/\/szixi.hu\/web\/wp-content\/uploads\/2024\/05\/young-teenage-girls-recording-reels-themselves-outdoors-social-media-edited-1-768x480.jpg 768w, https:\/\/szixi.hu\/web\/wp-content\/uploads\/2024\/05\/young-teenage-girls-recording-reels-themselves-outdoors-social-media-edited-1-1536x960.jpg 1536w, https:\/\/szixi.hu\/web\/wp-content\/uploads\/2024\/05\/young-teenage-girls-recording-reels-themselves-outdoors-social-media-edited-1-2048x1280.jpg 2048w\" sizes=\"auto, (max-width: 2560px) 100vw, 2560px\" \/><\/figure>\n\n\n\n<p>Az \u00e1gazati alapoktat\u00e1s ideje alatt minden tanul\u00f3 \u00e1ltal\u00e1nos havi \u00f6szt\u00f6nd\u00edjban r\u00e9szes\u00fcl. A szakmai oktat\u00e1s tov\u00e1bbi r\u00e9sz\u00e9ben a tanul\u00f3k <strong>\u00f6szt\u00f6nd\u00edjat kapnak, amely tanulm\u00e1nyi eredm\u00e9nyeik alapj\u00e1n ak\u00e1r a havi 59 ezer forint \u00f6sszeget is el\u00e9rheti<\/strong>. A v\u00e1llalati helysz\u00edn\u0171 du\u00e1lis k\u00e9pz\u00e9sben r\u00e9szt vev\u0151 tanul\u00f3k \u00f6szt\u00f6nd\u00edj helyett munkab\u00e9rt kapnak, mely el\u00e9rheti a 168 ezer forintot is havonta. A technikumi k\u00e9pz\u00e9sben minden di\u00e1kja a sikeres vizsga ut\u00e1n <strong>p\u00e1lyakezd\u00e9si juttat\u00e1sra jogosult.<\/strong> A tanul\u00f3k<strong> vizsgaeredm\u00e9nyt\u0151l f\u00fcgg\u0151en 150 ezer \u00e9s 300 ezer forint k\u00f6z\u00f6tti \u00f6sszeget egyszerre<\/strong>, a sikeres szakmai vizsg\u00e1t k\u00f6vet\u0151en kaphatnak k\u00e9zhez, amit szakmai karrierj\u00fck beind\u00edt\u00e1s\u00e1ra, ak\u00e1r eszk\u00f6z\u00f6k beszerz\u00e9s\u00e9re is ford\u00edthatnak.<\/p>\n\n\n\n<h2 class=\"wp-block-heading\">Szakk\u00e9pz\u00e9si \u00f6szt\u00f6nd\u00edj<\/h2>\n\n\n\n<p>A szakk\u00e9pz\u00e9si \u00f6szt\u00f6nd\u00edj <strong>minden szakk\u00e9pz\u00e9sben tanul\u00f3nak j\u00e1r<\/strong>, aki az ig\u00e9nybev\u00e9tel al\u00e1bbiakban felsorolt felt\u00e9teleinek megfelel. Az \u00e1gazati alapoktat\u00e1sban a tanul\u00f3k fix \u00f6sszeg\u0171 \u00f6szt\u00f6nd\u00edjra jogosultak. A szakir\u00e1ny\u00fa oktat\u00e1sban az \u00f6szt\u00f6nd\u00edj m\u00e9rt\u00e9ke a tanulm\u00e1nyi eredm\u00e9nyek f\u00fcggv\u00e9ny\u00e9ben v\u00e1ltozik. Az \u00f6szt\u00f6nd\u00edj alapja a szakir\u00e1ny\u00fa oktat\u00e1s k\u00f6zponti k\u00f6lts\u00e9gvet\u00e9sr\u0151l sz\u00f3l\u00f3 t\u00f6rv\u00e9nyben meghat\u00e1rozott \u00f6nk\u00f6lts\u00e9g\u00e9nek egyhavi \u00f6sszege (ez 2023-ban 100 ezer forint).<\/p>\n\n\n\n<p><strong>\u00c1gazati alapoktat\u00e1sban az \u00f6szt\u00f6nd\u00edj alapj\u00e1nak 8%-a, azaz havi 8000 Ft<\/strong>.<\/p>\n\n\n\n<p><strong>Szakir\u00e1ny\u00fa oktat\u00e1sban<\/strong>:<\/p>\n\n\n\n<figure class=\"wp-block-table\"><table><thead><tr><th class=\"has-text-align-center\" data-align=\"center\">A megel\u0151z\u0151 tan\u00e9v \u00e9v v\u00e9gi min\u0151s\u00edt\u00e9s\u00e9ben <br>kapott oszt\u00e1lyzatok \u00e1tlaga<\/th><th class=\"has-text-align-center\" data-align=\"center\">\u00d6szt\u00f6nd\u00edj m\u00e9rt\u00e9ke<\/th><th class=\"has-text-align-center\" data-align=\"center\">\u00d6szt\u00f6nd\u00edj \u00f6sszege<\/th><\/tr><\/thead><tbody><tr><td class=\"has-text-align-center\" data-align=\"center\">2,00\u20132,99<\/td><td class=\"has-text-align-center\" data-align=\"center\">\u00f6szt\u00f6nd\u00edj alapj\u00e1nak 8 %-a<\/td><td class=\"has-text-align-center\" data-align=\"center\">8000 Ft<\/td><\/tr><tr><td class=\"has-text-align-center\" data-align=\"center\">3,00\u20133,99<\/td><td class=\"has-text-align-center\" data-align=\"center\">\u00f6szt\u00f6nd\u00edj alapj\u00e1nak 25 %-a<\/td><td class=\"has-text-align-center\" data-align=\"center\">25 000 Ft<\/td><\/tr><tr><td class=\"has-text-align-center\" data-align=\"center\">4,00\u20134,49<\/td><td class=\"has-text-align-center\" data-align=\"center\">\u00f6szt\u00f6nd\u00edj alapj\u00e1nak 42 %-a<\/td><td class=\"has-text-align-center\" data-align=\"center\">42 000 Ft<\/td><\/tr><tr><td class=\"has-text-align-center\" data-align=\"center\">4,49 f\u00f6l\u00f6tt<\/td><td class=\"has-text-align-center\" data-align=\"center\">\u00f6szt\u00f6nd\u00edj alapj\u00e1nak 59 %-a<\/td><td class=\"has-text-align-center\" data-align=\"center\">59 000 Ft<\/td><\/tr><\/tbody><\/table><figcaption class=\"wp-element-caption\">Technikumi \u00f6szt\u00f6nd\u00edj v\u00e1rhat\u00f3 \u00f6sszege<\/figcaption><\/figure>\n\n\n\n<h2 class=\"wp-block-heading\">Egyszeri p\u00e1lyakezd\u00e9si juttat\u00e1s<\/h2>\n\n\n\n<p>Egyszeri p\u00e1lyakezd\u00e9si juttat\u00e1sra jogosult minden sikeres szakmai vizsg\u00e1t tett tanul\u00f3, aki az al\u00e1bb felsorolt felt\u00e9teleknek megfelel. A p\u00e1lyakezd\u00e9si juttat\u00e1s alapja a szakir\u00e1ny\u00fa oktat\u00e1s k\u00f6zponti k\u00f6lts\u00e9gvet\u00e9sr\u0151l sz\u00f3l\u00f3 t\u00f6rv\u00e9nyben meghat\u00e1rozott \u00f6nk\u00f6lts\u00e9g\u00e9nek egyhavi \u00f6sszege (ez 2022-ben 100 ezer forint). A p\u00e1lyakezd\u00e9si juttat\u00e1s m\u00e9rt\u00e9ke a szakmai vizsga eredm\u00e9ny\u00e9t\u0151l f\u00fcgg. A juttat\u00e1s szabadon felhaszn\u00e1lhat\u00f3.<\/p>\n\n\n\n<figure class=\"wp-block-table\"><table><thead><tr><th class=\"has-text-align-center\" data-align=\"center\">A szakmai vizsga eredm\u00e9nye<\/th><th class=\"has-text-align-center\" data-align=\"center\">P\u00e1lyakezd\u00e9si juttat\u00e1s m\u00e9rt\u00e9ke<\/th><th class=\"has-text-align-center\" data-align=\"center\">P\u00e1lyakezd\u00e9si juttat\u00e1s m\u00e9rt\u00e9ke 2022. szeptember 1-j\u00e9t\u0151l<\/th><\/tr><\/thead><tbody><tr><td class=\"has-text-align-center\" data-align=\"center\">2<\/td><td class=\"has-text-align-center\" data-align=\"center\">a juttat\u00e1s alapj\u00e1nak 133%-a<\/td><td class=\"has-text-align-center\" data-align=\"center\">133 000 Ft<\/td><\/tr><tr><td class=\"has-text-align-center\" data-align=\"center\">3<\/td><td class=\"has-text-align-center\" data-align=\"center\">a juttat\u00e1s alapj\u00e1nak 184%-a<\/td><td class=\"has-text-align-center\" data-align=\"center\">184 000 Ft<\/td><\/tr><tr><td class=\"has-text-align-center\" data-align=\"center\">4<\/td><td class=\"has-text-align-center\" data-align=\"center\">a juttat\u00e1s alapj\u00e1nak 243%-a<\/td><td class=\"has-text-align-center\" data-align=\"center\">243 000 Ft<\/td><\/tr><tr><td class=\"has-text-align-center\" data-align=\"center\">5<\/td><td class=\"has-text-align-center\" data-align=\"center\">a juttat\u00e1s alapj\u00e1nak 302%-a<\/td><td class=\"has-text-align-center\" data-align=\"center\">302 000 Ft<\/td><\/tr><\/tbody><\/table><figcaption class=\"wp-element-caption\">Egyszeri p\u00e1lyakezd\u00e9si juttat\u00e1s v\u00e1rhat\u00f3 \u00f6sszege<\/figcaption><\/figure>\n\n\n\n<h2 class=\"wp-block-heading\">Mit k\u00edn\u00e1lunk?<\/h2>\n\n\n\n<p>Iskol\u00e1nk az orsz\u00e1gos technikumi rangsorban az el\u0151kel\u0151 41. helyet \u00e9rte el az idei tan\u00e9vben, a megyei iskol\u00e1k k\u00f6z\u00fcl pedig az els\u0151k lett\u00fcnk. Mindk\u00e9t szakm\u00e1nk versenyk\u00e9pes tud\u00e1st biztos\u00edt, amivel mind a tov\u00e1bbtanul\u00e1s, mind a munkaer\u0151piacon val\u00f3 elhelyezked\u00e9s biztos\u00edtott.<\/p>\n\n\n\n<p><strong>Informatikai rendszer- \u00e9s alkalmaz\u00e1s- \u00fczemeltet\u0151 technikus<\/strong><\/p>\n\n\n\n<p>Informatika \u00e9s t\u00e1vk\u00f6zl\u00e9s \u00e1gazat k\u00e9pz\u00e9se, amely \u00e9retts\u00e9givel \u00e9s technikus szint\u0171 szakk\u00e9pzetts\u00e9g megszerz\u00e9s\u00e9vel z\u00e1rul. Az informatikai rendszer- \u00e9s alkalmaz\u00e1s-\u00fczemeltet\u0151 technikus adott c\u00e9g munkat\u00e1rsak\u00e9nt helyben telep\u00edtett, illetve felh\u0151 szolg\u00e1ltat\u00e1sk\u00e9nt ig\u00e9nybe vett h\u00e1l\u00f3zati eszk\u00f6z\u00f6k, szerverek, valamint alkalmaz\u00e1sok \u00f6sszehangolt m\u0171k\u00f6d\u00e9s\u00e9t biztos\u00edtja. Aj\u00e1nlott minden fiatal sz\u00e1m\u00e1ra, akit az informatikai eszk\u00f6z\u00f6k m\u0171k\u00f6dtet\u00e9se, karbantart\u00e1sa \u00e9rdekel, aki tud \u00e9s szeret m\u00e1s csapatokkal egy\u00fcttm\u0171k\u00f6dni, \u00e9s t\u00e1mogat\u00f3k\u00e9nt k\u00e9sz r\u00e9szt venni egy informatikai rendszer \u00fczemeltet\u00e9s\u00e9ben.<\/p>\n\n\n\n<p><strong>P\u00e9nz\u00fcgyi-sz\u00e1mviteli \u00fcgyint\u00e9z\u0151<\/strong><\/p>\n\n\n\n<p>Gazd\u00e1lkod\u00e1s \u00e9s menedzsment \u00e1gazat k\u00e9pz\u00e9se, amely \u00e9retts\u00e9givel \u00e9s technikus szint\u0171 szakk\u00e9pzetts\u00e9g megszerz\u00e9s\u00e9vel z\u00e1rul.<\/p>\n\n\n\n<p>A p\u00e9nz\u00fcgyi-sz\u00e1mviteli \u00fcgyint\u00e9z\u0151 a gazd\u00e1lkod\u00f3 szervezetek gazdas\u00e1gi tev\u00e9kenys\u00e9g\u00e9vel \u00f6sszef\u00fcgg\u0151 r\u00e9szfeladatait \u00f6n\u00e1ll\u00f3an v\u00e9gzi: k\u00f6nyvel\u00e9si feladatokat l\u00e1t el, sz\u00e1m\u00edt\u00f3g\u00e9pes programokat haszn\u00e1l, nyilv\u00e1ntart\u00e1sok vezet\u00e9s\u00e9ben vesz r\u00e9szt, k\u00f6zrem\u0171k\u00f6dik egyes p\u00e9nz\u00fcgyi m\u0171veletek el\u0151k\u00e9sz\u00edt\u00e9s\u00e9ben \u00e9s lebonyol\u00edt\u00e1s\u00e1ban.<\/p>\n\n\n\n<p>Aj\u00e1nlott minden \ufb01atal sz\u00e1m\u00e1ra, aki prec\u00edz \u00e9s pontos a munk\u00e1ja ell\u00e1t\u00e1s\u00e1ban, rendszerben gondolkodik, \u00e9rdekl\u0151dik a gazdas\u00e1gi folyamatok ir\u00e1nt, szereti a gyakorlatias feladatokat. A szakk\u00e9pzetts\u00e9ggel rendelkez\u0151k a gazdas\u00e1gi ter\u00fclet sz\u00e9les k\u00f6r\u00e9ben tudnak elhelyezkedni, vagy tov\u00e1bb tanulhatnak a gazdas\u00e1gi fels\u0151oktat\u00e1sban. Olyan magasabb szint\u0171 szakk\u00e9pzetts\u00e9get is szerezhetnek , mint pl.: m\u00e9rlegk\u00e9pes k\u00f6nyvel\u0151, v\u00e1m szakember, ad\u00f3tan\u00e1csad\u00f3, banki szakember.<\/p>\n\n\n\n<p class=\"has-text-align-center has-background-secondary-color has-midnight-gradient-background has-text-color has-background has-link-color has-big-font-size wp-elements-75cfe706e8b2b9ee30e406dee1ad6af9\" style=\"text-decoration:none\">A 2024\/25-\u00f6s tan\u00e9v felv\u00e9teli elj\u00e1r\u00e1s\u00e1ban m\u00e9g korl\u00e1tozott sz\u00e1mban vannak szabad helyeink!<br><strong>Ha \u00e9rdekel b\u00e1rmelyik szakma, v\u00e1runk szeretettel jelentkezz miel\u0151bb! <\/strong><br><a href=\"https:\/\/szixi.hu\/web\/index.php\/2024\/05\/06\/renkivuli-felveteli-a-2024-25-os-tanevre\/\" data-type=\"post\" data-id=\"3073\"><strong>R\u00e9szletek\u00e9rt kattints ide!<\/strong><\/a><\/p>\n\n\n\n<p class=\"has-link-color wp-elements-9b141e5b98e21f8a3e2f6c4b18521e06\"><\/p>\n","protected":false},"excerpt":{"rendered":"<p>Technikumban elkezdett tanulm\u00e1nyok eset\u00e9n 5 \u00e9ves k\u00e9pz\u00e9sben vehetsz r\u00e9szt, amely 2 \u00e9v \u00e1gazati alapoktat\u00e1sb\u00f3l \u00e9s 3 \u00e9v szakir\u00e1ny\u00fa oktat\u00e1sb\u00f3l tev\u0151dik \u00f6ssze. A technikum \u00f6sszefogja a gimn\u00e1zium \u00e9s a szakmatanul\u00e1s el\u0151nyeit. Tanulm\u00e1nyaid sor\u00e1n a k\u00f6telez\u0151 \u00e9retts\u00e9gi t\u00e1rgyakat a gimn\u00e1ziumi oktat\u00e1ssal azonos tartalommal \u00e9s \u00f3rasz\u00e1mmal tanulhatod. A k\u00e9pz\u00e9s v\u00e9g\u00e9n \u00e9retts\u00e9gi v\u00e9gzetts\u00e9g \u00e9s [&hellip;]<\/p>\n","protected":false},"author":1,"featured_media":0,"parent":0,"menu_order":0,"comment_status":"closed","ping_status":"closed","template":"","meta":{"_EventAllDay":false,"_EventTimezone":"","_EventStartDate":"","_EventEndDate":"","_EventStartDateUTC":"","_EventEndDateUTC":"","_EventShowMap":false,"_EventShowMapLink":false,"_EventURL":"","_EventCost":"","_EventCostDescription":"","_EventCurrencySymbol":"","_EventCurrencyCode":"","_EventCurrencyPosition":"","_EventDateTimeSeparator":"","_EventTimeRangeSeparator":"","_EventOrganizerID":[],"_EventVenueID":[],"_OrganizerEmail":"","_OrganizerPhone":"","_OrganizerWebsite":"","_VenueAddress":"","_VenueCity":"","_VenueCountry":"","_VenueProvince":"","_VenueState":"","_VenueZip":"","_VenuePhone":"","_VenueURL":"","_VenueStateProvince":"","_VenueLat":"","_VenueLng":"","_VenueShowMap":false,"_VenueShowMapLink":false,"footnotes":""},"class_list":["post-3083","page","type-page","status-publish","hentry"],"_links":{"self":[{"href":"https:\/\/szixi.hu\/web\/index.php\/wp-json\/wp\/v2\/pages\/3083","targetHints":{"allow":["GET"]}}],"collection":[{"href":"https:\/\/szixi.hu\/web\/index.php\/wp-json\/wp\/v2\/pages"}],"about":[{"href":"https:\/\/szixi.hu\/web\/index.php\/wp-json\/wp\/v2\/types\/page"}],"author":[{"embeddable":true,"href":"https:\/\/szixi.hu\/web\/index.php\/wp-json\/wp\/v2\/users\/1"}],"replies":[{"embeddable":true,"href":"https:\/\/szixi.hu\/web\/index.php\/wp-json\/wp\/v2\/comments?post=3083"}],"version-history":[{"count":9,"href":"https:\/\/szixi.hu\/web\/index.php\/wp-json\/wp\/v2\/pages\/3083\/revisions"}],"predecessor-version":[{"id":3107,"href":"https:\/\/szixi.hu\/web\/index.php\/wp-json\/wp\/v2\/pages\/3083\/revisions\/3107"}],"wp:attachment":[{"href":"https:\/\/szixi.hu\/web\/index.php\/wp-json\/wp\/v2\/media?parent=3083"}],"curies":[{"name":"wp","href":"https:\/\/api.w.org\/{rel}","templated":true}]}}