{"id":3245,"date":"2025-08-29T06:54:53","date_gmt":"2025-08-29T05:54:53","guid":{"rendered":"https:\/\/szixi.hu\/web\/?page_id=3245"},"modified":"2026-03-11T09:19:38","modified_gmt":"2026-03-11T08:19:38","slug":"penzugyi-szamviteli-ugyintezo-2","status":"publish","type":"page","link":"https:\/\/szixi.hu\/web\/index.php\/penzugyi-szamviteli-ugyintezo-2\/","title":{"rendered":"P\u00e9nz\u00fcgyi-sz\u00e1mviteli \u00fcgyint\u00e9z\u0151"},"content":{"rendered":"\n<div class=\"wp-block-group has-background-secondary-background-color has-background is-vertical is-layout-flex wp-container-core-group-is-layout-fe9cc265 wp-block-group-is-layout-flex\">\n<p>A szakma alapadatai:<\/p>\n\n\n\n<ul class=\"wp-block-list\">\n<li class=\"has-small-font-size\">Az \u00e1gazat megnevez\u00e9se: Gazd\u00e1lkod\u00e1s \u00e9s menedzsment<\/li>\n\n\n\n<li class=\"has-small-font-size\">A szakma megnevez\u00e9se: P\u00e9nz\u00fcgyi-sz\u00e1mviteli \u00fcgyint\u00e9z\u0151<\/li>\n\n\n\n<li class=\"has-small-font-size\">A szakma azonos\u00edt\u00f3 sz\u00e1ma: 504110901<\/li>\n\n\n\n<li class=\"has-small-font-size\">A szakma Eur\u00f3pai K\u00e9pes\u00edt\u00e9si Keretrendszer szerinti szintje: 5<\/li>\n\n\n\n<li class=\"has-small-font-size\">A szakma Magyar K\u00e9pes\u00edt\u00e9si Keretrendszer szerinti szintje: 5<\/li>\n\n\n\n<li class=\"has-small-font-size\">\u00c1gazati alapoktat\u00e1s megnevez\u00e9se: Gazd\u00e1lkod\u00e1s \u00e9s menedzsment<\/li>\n<\/ul>\n\n\n\n<p>Inform\u00e1ci\u00f3k: <br>A <strong>P\u00e9nz\u00fcgyi-sz\u00e1mviteli \u00fcgyint\u00e9z\u0151<\/strong> k\u00e9pz\u00e9s feln\u0151ttoktat\u00e1s keret\u00e9ben azok sz\u00e1m\u00e1ra ny\u00fajt piack\u00e9pes szakk\u00e9pes\u00edt\u00e9st, akik munka mellett vagy p\u00e1lyam\u00f3dos\u00edt\u00e1s c\u00e9lj\u00e1b\u00f3l szeretn\u00e9nek p\u00e9nz\u00fcgyi\u2013sz\u00e1mviteli ter\u00fcleten elhelyezkedni. A k\u00e9pz\u00e9s gyakorlatorient\u00e1lt, \u00e9s a r\u00e9sztvev\u0151k megismerkednek a k\u00f6nyvel\u00e9si alapokkal, a p\u00e9nz\u00fcgyi nyilv\u00e1ntart\u00e1sok vezet\u00e9s\u00e9vel, az ad\u00f3z\u00e1si \u00e9s b\u00e9rsz\u00e1mfejt\u00e9si ismeretekkel, valamint a v\u00e1llalkoz\u00e1sok gazdas\u00e1gi folyamataival. A megszerzett tud\u00e1s azonnal alkalmazhat\u00f3 a mindennapi munkav\u00e9gz\u00e9s sor\u00e1n.<\/p>\n\n\n\n<p class=\"has-foreground-color has-text-color has-link-color wp-elements-bd353c0c77e7e4a8a4ef05f26ef40b85\">Jelentkezni lehet az iskol\u00e1ban szem\u00e9lyesen, vagy az al\u00e1bbi <a href=\"https:\/\/forms.gle\/UrbHsBWoRoHpwJyn6\">\u0171rlap <\/a>kit\u00f6lt\u00e9s\u00e9vel: <a href=\"https:\/\/forms.gle\/UrbHsBWoRoHpwJyn6\">https:\/\/forms.gle\/UrbHsBWoRoHpwJyn6<\/a><\/p>\n\n\n\n<p class=\"has-medium-font-size\">Jelentkez\u00e9s hat\u00e1rideje:<strong> <\/strong>2026. M\u00e1jus 15.<\/p>\n\n\n\n<p class=\"has-big-font-size\">A k\u00e9pz\u00e9s kezdete: 2026. j\u00fanius 01.<\/p>\n\n\n\n<p class=\"has-medium-font-size\">Inform\u00e1ci\u00f3k:<\/p>\n\n\n\n<ul class=\"wp-block-list\">\n<li>Az oktat\u00e1s 1 \u00e9v, ez\u00e9rt az oktat\u00e1s tervezett v\u00e9ge 2027. m\u00e1jus. A tavaszi (m\u00e1jusi) vizsgaid\u0151szakban a szakmai vizsg\u00e1kra is sor ker\u00fcl. A becsatlakoz\u00f3knak sz\u00fcks\u00e9ges besz\u00e1moltat\u00f3 vizsg\u00e1t tenni.<\/li>\n\n\n\n<li>Az \u00e1gazati alapoktat\u00e1s befejez\u00e9se 2026. szeptember 29-\u00e9n, az \u00e1gazati alapvizsg\u00e1val z\u00e1rul.<\/li>\n\n\n\n<li>A jelentkez\u00e9s felt\u00e9tele: \u00e9retts\u00e9gi bizony\u00edtv\u00e1ny<\/li>\n\n\n\n<li>A k\u00e9pz\u00e9si napok: h\u00e9tf\u0151, kedd, p\u00e9ntek, szombat <\/li>\n\n\n\n<li><strong>H\u00e9tf\u0151n \u00e9s kedden<\/strong> az oktat\u00e1s <strong>jelenl\u00e9ti <\/strong>form\u00e1ban ker\u00fcl megszervez\u00e9sre az iskola \u00e9p\u00fclet\u00e9ben 16:00-t\u00f3l. <strong>P\u00e9nteken online<\/strong> form\u00e1ban, szint\u00e9n 16:00-t\u00f3l. <strong>Szombaton<\/strong> 8:00-t\u00f3l <strong>online<\/strong> form\u00e1ban. Az online oktat\u00e1s megval\u00f3sulhat e-learning, valamint \u00e9l\u0151 online form\u00e1ban is.<\/li>\n\n\n\n<li>A k\u00e9pz\u00e9st sikeresen elv\u00e9gz\u0151 szem\u00e9ly szakmai k\u00e9pes\u00edt\u00e9st kap amelynek megnevez\u00e9se: P\u00e9nz\u00fcgyi-sz\u00e1mviteli \u00fcgyint\u00e9z\u0151 (504110901)<\/li>\n\n\n\n<li>A k\u00e9pz\u00e9s ind\u00edt\u00e1sa a minim\u00e1lisan sz\u00fcks\u00e9ges l\u00e9tsz\u00e1m megl\u00e9t\u00e9hez k\u00f6t\u00f6tt.<\/li>\n<\/ul>\n\n\n\n<p>Jelentkezz feln\u0151ttoktat\u00e1sunkra \u00e9s tanuld meg a p\u00e9nz\u00fcgyi \u00e9s sz\u00e1mviteli folyamatok kezel\u00e9s\u00e9t. V\u00e1lj n\u00e9lk\u00fcl\u00f6zhetetlen szakemberr\u00e9 b\u00e1rmely v\u00e1llalkoz\u00e1sn\u00e1l! V\u00e1laszd ezt a szakm\u00e1t, hisz \u00e1ltala stabil, j\u00f3l fizetett \u00e1ll\u00e1slehet\u0151s\u00e9gek v\u00e1rnak r\u00e1d!<\/p>\n\n\n\n<p>El\u00e9rhet\u0151s\u00e9gek:<\/p>\n\n\n\n<ul class=\"wp-block-list\">\n<li>e-mail: <a href=\"mailto:felnottoktatas@szixi.hu\" data-type=\"mailto\" data-id=\"mailto:felnottoktatas@szixi.hu\">felnottoktatas@szixi.hu<\/a><\/li>\n\n\n\n<li>telefon: (70) 684-8498<\/li>\n\n\n\n<li>c\u00edm: 2900 Kom\u00e1rom, T\u00e1ncsics Mih\u00e1ly utca 75.<\/li>\n<\/ul>\n<\/div>\n\n\n\n<p><a href=\"https:\/\/szixi.hu\/web\/index.php\/ingyenes-felnottkepzes-es-felnottoktatas\/\">&lt;&lt; Vissza<\/a><\/p>\n","protected":false},"excerpt":{"rendered":"<p>A szakma alapadatai: Inform\u00e1ci\u00f3k: A P\u00e9nz\u00fcgyi-sz\u00e1mviteli \u00fcgyint\u00e9z\u0151 k\u00e9pz\u00e9s feln\u0151ttoktat\u00e1s keret\u00e9ben azok sz\u00e1m\u00e1ra ny\u00fajt piack\u00e9pes szakk\u00e9pes\u00edt\u00e9st, akik munka mellett vagy p\u00e1lyam\u00f3dos\u00edt\u00e1s c\u00e9lj\u00e1b\u00f3l szeretn\u00e9nek p\u00e9nz\u00fcgyi\u2013sz\u00e1mviteli ter\u00fcleten elhelyezkedni. A k\u00e9pz\u00e9s gyakorlatorient\u00e1lt, \u00e9s a r\u00e9sztvev\u0151k megismerkednek a k\u00f6nyvel\u00e9si alapokkal, a p\u00e9nz\u00fcgyi nyilv\u00e1ntart\u00e1sok vezet\u00e9s\u00e9vel, az ad\u00f3z\u00e1si \u00e9s b\u00e9rsz\u00e1mfejt\u00e9si ismeretekkel, valamint a v\u00e1llalkoz\u00e1sok gazdas\u00e1gi folyamataival. A [&hellip;]<\/p>\n","protected":false},"author":1,"featured_media":0,"parent":0,"menu_order":0,"comment_status":"closed","ping_status":"closed","template":"","meta":{"_EventAllDay":false,"_EventTimezone":"","_EventStartDate":"","_EventEndDate":"","_EventStartDateUTC":"","_EventEndDateUTC":"","_EventShowMap":false,"_EventShowMapLink":false,"_EventURL":"","_EventCost":"","_EventCostDescription":"","_EventCurrencySymbol":"","_EventCurrencyCode":"","_EventCurrencyPosition":"","_EventDateTimeSeparator":"","_EventTimeRangeSeparator":"","_EventOrganizerID":[],"_EventVenueID":[],"_OrganizerEmail":"","_OrganizerPhone":"","_OrganizerWebsite":"","_VenueAddress":"","_VenueCity":"","_VenueCountry":"","_VenueProvince":"","_VenueState":"","_VenueZip":"","_VenuePhone":"","_VenueURL":"","_VenueStateProvince":"","_VenueLat":"","_VenueLng":"","_VenueShowMap":false,"_VenueShowMapLink":false,"footnotes":""},"class_list":["post-3245","page","type-page","status-publish","hentry"],"_links":{"self":[{"href":"https:\/\/szixi.hu\/web\/index.php\/wp-json\/wp\/v2\/pages\/3245","targetHints":{"allow":["GET"]}}],"collection":[{"href":"https:\/\/szixi.hu\/web\/index.php\/wp-json\/wp\/v2\/pages"}],"about":[{"href":"https:\/\/szixi.hu\/web\/index.php\/wp-json\/wp\/v2\/types\/page"}],"author":[{"embeddable":true,"href":"https:\/\/szixi.hu\/web\/index.php\/wp-json\/wp\/v2\/users\/1"}],"replies":[{"embeddable":true,"href":"https:\/\/szixi.hu\/web\/index.php\/wp-json\/wp\/v2\/comments?post=3245"}],"version-history":[{"count":15,"href":"https:\/\/szixi.hu\/web\/index.php\/wp-json\/wp\/v2\/pages\/3245\/revisions"}],"predecessor-version":[{"id":4351,"href":"https:\/\/szixi.hu\/web\/index.php\/wp-json\/wp\/v2\/pages\/3245\/revisions\/4351"}],"wp:attachment":[{"href":"https:\/\/szixi.hu\/web\/index.php\/wp-json\/wp\/v2\/media?parent=3245"}],"curies":[{"name":"wp","href":"https:\/\/api.w.org\/{rel}","templated":true}]}}