{"id":3363,"date":"2025-09-18T00:18:36","date_gmt":"2025-09-17T23:18:36","guid":{"rendered":"https:\/\/szixi.hu\/web\/?page_id=3363"},"modified":"2025-10-01T01:29:09","modified_gmt":"2025-10-01T00:29:09","slug":"kkk-ptt","status":"publish","type":"page","link":"https:\/\/szixi.hu\/web\/index.php\/kkk-ptt\/","title":{"rendered":"KKK\/PPT"},"content":{"rendered":"\n<p class=\"has-big-font-size\"><strong>Mik azok a KKK\/PTT-k?<\/strong><\/p>\n\n\n\n<div class=\"wp-block-media-text is-stacked-on-mobile\" style=\"grid-template-columns:24% auto\"><figure class=\"wp-block-media-text__media\"><img decoding=\"async\" src=\"https:\/\/akkreditaltvizsgaztatas.ikk.hu\/images\/ikk_alap.png\" alt=\"\"\/><\/figure><div class=\"wp-block-media-text__content\">\n<p><strong>K\u00c9PZ\u00c9SI \u00c9S KIMENETI K\u00d6VETELM\u00c9NYEK (KKK), PROGRAMTANTERVEK (PTT)<\/strong><\/p>\n\n\n\n<p>A K\u00e9pz\u00e9si \u00e9s Kimeneti K\u00f6vetelm\u00e9ny (KKK) hat\u00e1rozza meg egy-egy szakma ellen\u0151rz\u00e9si, m\u00e9r\u00e9si, valamint az \u00e9rt\u00e9kel\u00e9si rendszer kialak\u00edt\u00e1s\u00e1t \u00e9s m\u0171k\u00f6d\u00e9s\u00e9t biztos\u00edt\u00f3 kereteit. Ez a dokumentum gy\u0171jti \u00f6ssze azokat a k\u00f6vetelm\u00e9nyeket, amelyek sz\u00fcks\u00e9gesek az eredm\u00e9nyes szakmai vizsg\u00e1hoz. A KKK ez\u00e9rt a szakmai oktat\u00e1s alapja, az ebben meghat\u00e1rozottak szerint kell fel\u00e9p\u00edteni az egyes szakm\u00e1k megszerz\u00e9s\u00e9re ir\u00e1nyul\u00f3 szakmai oktat\u00e1st, s ebben ker\u00fclnek r\u00f6gz\u00edt\u00e9sre a szakmai vizsga k\u00f6vetelm\u00e9nyei is.<\/p>\n\n\n\n<hr class=\"wp-block-separator has-alpha-channel-opacity is-style-wide\"\/>\n\n\n\n<p>A Programtanterv (PTT) tartalmazza az egyes szakm\u00e1khoz kapcsol\u00f3d\u00f3 tanul\u00e1si ter\u00fcletekhez rendelt tant\u00e1rgyak \u00e9s t\u00e9mak\u00f6r\u00f6k \u00f3rasz\u00e1m\u00e1t \u00e9vfolyamonk\u00e9nt, a tanul\u00e1si ter\u00fcletek r\u00e9szletes szakmai tartalm\u00e1nak le\u00edr\u00e1s\u00e1t, valamint a r\u00e9szszakm\u00e1k aj\u00e1nlott szakmai tartalm\u00e1t. A PTT a szakmai oktat\u00e1s k\u00f6telez\u0151 foglalkoz\u00e1sainak \u00f6sszes\u00edtett sz\u00e1m\u00e1t tekintve\u00a0k\u00f6telez\u0151 \u00e9rv\u00e9ny\u0171, illetve aj\u00e1nl\u00e1sk\u00e9nt szolg\u00e1l a szakk\u00e9pz\u0151 int\u00e9zm\u00e9nyek szakmai programj\u00e1nak kidolgoz\u00e1s\u00e1hoz.<\/p>\n<\/div><\/div>\n\n\n\n<hr class=\"wp-block-separator has-alpha-channel-opacity is-style-wide\"\/>\n\n\n\n<blockquote class=\"wp-block-quote is-layout-flow wp-block-quote-is-layout-flow\">\n<p class=\"has-medium-font-size\"><strong>Gazd\u00e1lkod\u00e1s \u00e9s menedzsment<\/strong><\/p>\n<\/blockquote>\n\n\n\n<ul class=\"wp-block-list\">\n<li>P\u00e9nz\u00fcgyi \u00e9s sz\u00e1mviteli \u00fcgyint\u00e9z\u0151<\/li>\n<\/ul>\n\n\n\n<div class=\"wp-block-buttons is-layout-flex wp-block-buttons-is-layout-flex\">\n<div class=\"wp-block-button is-style-outline is-style-outline--1\"><a class=\"wp-block-button__link has-tiny-font-size has-custom-font-size wp-element-button\" href=\"https:\/\/api.ikk.hu\/v1\/media\/documents\/9268?filename=P%C3%A9nz%C3%BCgyi-sz%C3%A1mviteli-%C3%BCgyint%C3%A9z%C5%91-2023.11.21.-v3.pdf&amp;_gl=1*e85p2*_ga*NzYyNzY4MzEyLjE3NTYxMjY3MjY.*_ga_K4RNLHW8G3*czE3NTgxNDk3MDUkbzckZzEkdDE3NTgxNTA0OTYkajQ0JGwwJGgw\">KKK<\/a><\/div>\n\n\n\n<div class=\"wp-block-button is-style-outline is-style-outline--2\"><a class=\"wp-block-button__link has-tiny-font-size has-custom-font-size wp-element-button\" href=\"https:\/\/api.ikk.hu\/v1\/media\/documents\/9268?filename=P%C3%A9nz%C3%BCgyi-sz%C3%A1mviteli-%C3%BCgyint%C3%A9z%C5%91-2023.11.21.-v3.pdf&amp;_gl=1*e85p2*_ga*NzYyNzY4MzEyLjE3NTYxMjY3MjY.*_ga_K4RNLHW8G3*czE3NTgxNDk3MDUkbzckZzEkdDE3NTgxNTA0OTYkajQ0JGwwJGgw\">PPT<\/a><\/div>\n<\/div>\n\n\n\n<hr class=\"wp-block-separator has-alpha-channel-opacity is-style-wide\"\/>\n\n\n\n<blockquote class=\"wp-block-quote is-layout-flow wp-block-quote-is-layout-flow\">\n<p class=\"has-medium-font-size\"><strong>Informatika \u00e9s t\u00e1vk\u00f6zl\u00e9s<\/strong><\/p>\n<\/blockquote>\n\n\n\n<ul class=\"wp-block-list\">\n<li>Informatikai rendszer- \u00e9s alkalmaz\u00e1s-\u00fczemeltet\u0151 technikus<\/li>\n<\/ul>\n\n\n\n<div class=\"wp-block-buttons has-background-secondary-background-color has-background is-content-justification-left is-layout-flex wp-container-core-buttons-is-layout-24a44033 wp-block-buttons-is-layout-flex\">\n<div class=\"wp-block-button is-style-outline is-style-outline--3\"><a class=\"wp-block-button__link has-tiny-font-size has-custom-font-size wp-element-button\" href=\"https:\/\/api.ikk.hu\/v1\/media\/documents\/9215?filename=Informatikai-rendszer-%C3%A9s-alkalmaz%C3%A1s-%C3%BCzemeltet%C5%91-technikus-2023.11.21.-v3.pdf&amp;_gl=1*bf4n4*_ga*NzYyNzY4MzEyLjE3NTYxMjY3MjY.*_ga_K4RNLHW8G3*czE3NTgxNDk3MDUkbzckZzEkdDE3NTgxNTA0OTYkajQ0JGwwJGgw\">KKK<\/a><\/div>\n\n\n\n<div class=\"wp-block-button is-style-outline is-style-outline--4\"><a class=\"wp-block-button__link has-tiny-font-size has-custom-font-size wp-element-button\" href=\"https:\/\/api.ikk.hu\/v1\/media\/documents\/7103?filename=Informatikai-rendszer-%C3%A9s-alkalmaz%C3%A1s-%C3%BCzemeltet%C5%91-technikus-2020.07.15.-v1.pdf&amp;_gl=1*bf4n4*_ga*NzYyNzY4MzEyLjE3NTYxMjY3MjY.*_ga_K4RNLHW8G3*czE3NTgxNDk3MDUkbzckZzEkdDE3NTgxNTA0OTYkajQ0JGwwJGgw\">PPT<\/a><\/div>\n<\/div>\n\n\n\n<hr class=\"wp-block-separator has-alpha-channel-opacity is-style-wide\"\/>\n\n\n\n<div style=\"height:100px\" aria-hidden=\"true\" class=\"wp-block-spacer\"><\/div>\n\n\n\n<figure class=\"wp-block-image size-large is-resized is-style-default\"><a href=\"https:\/\/ikk.hu\/\" target=\"_blank\" rel=\" noreferrer noopener\"><img decoding=\"async\" src=\"https:\/\/akkreditaltvizsgaztatas.ikk.hu\/images\/ikk_alap.png\" alt=\"\" style=\"width:170px;height:auto\"\/><\/a><\/figure>\n","protected":false},"excerpt":{"rendered":"<p>Mik azok a KKK\/PTT-k? Gazd\u00e1lkod\u00e1s \u00e9s menedzsment Informatika \u00e9s t\u00e1vk\u00f6zl\u00e9s<\/p>\n","protected":false},"author":6,"featured_media":0,"parent":0,"menu_order":0,"comment_status":"closed","ping_status":"closed","template":"","meta":{"_EventAllDay":false,"_EventTimezone":"","_EventStartDate":"","_EventEndDate":"","_EventStartDateUTC":"","_EventEndDateUTC":"","_EventShowMap":false,"_EventShowMapLink":false,"_EventURL":"","_EventCost":"","_EventCostDescription":"","_EventCurrencySymbol":"","_EventCurrencyCode":"","_EventCurrencyPosition":"","_EventDateTimeSeparator":"","_EventTimeRangeSeparator":"","_EventOrganizerID":[],"_EventVenueID":[],"_OrganizerEmail":"","_OrganizerPhone":"","_OrganizerWebsite":"","_VenueAddress":"","_VenueCity":"","_VenueCountry":"","_VenueProvince":"","_VenueState":"","_VenueZip":"","_VenuePhone":"","_VenueURL":"","_VenueStateProvince":"","_VenueLat":"","_VenueLng":"","_VenueShowMap":false,"_VenueShowMapLink":false,"footnotes":""},"class_list":["post-3363","page","type-page","status-publish","hentry"],"_links":{"self":[{"href":"https:\/\/szixi.hu\/web\/index.php\/wp-json\/wp\/v2\/pages\/3363","targetHints":{"allow":["GET"]}}],"collection":[{"href":"https:\/\/szixi.hu\/web\/index.php\/wp-json\/wp\/v2\/pages"}],"about":[{"href":"https:\/\/szixi.hu\/web\/index.php\/wp-json\/wp\/v2\/types\/page"}],"author":[{"embeddable":true,"href":"https:\/\/szixi.hu\/web\/index.php\/wp-json\/wp\/v2\/users\/6"}],"replies":[{"embeddable":true,"href":"https:\/\/szixi.hu\/web\/index.php\/wp-json\/wp\/v2\/comments?post=3363"}],"version-history":[{"count":4,"href":"https:\/\/szixi.hu\/web\/index.php\/wp-json\/wp\/v2\/pages\/3363\/revisions"}],"predecessor-version":[{"id":3662,"href":"https:\/\/szixi.hu\/web\/index.php\/wp-json\/wp\/v2\/pages\/3363\/revisions\/3662"}],"wp:attachment":[{"href":"https:\/\/szixi.hu\/web\/index.php\/wp-json\/wp\/v2\/media?parent=3363"}],"curies":[{"name":"wp","href":"https:\/\/api.w.org\/{rel}","templated":true}]}}