{"id":3489,"date":"2025-09-30T00:09:47","date_gmt":"2025-09-29T23:09:47","guid":{"rendered":"https:\/\/szixi.hu\/web\/?page_id=3489"},"modified":"2025-10-13T23:23:19","modified_gmt":"2025-10-13T22:23:19","slug":"sziasztok-nyolcadikosok","status":"publish","type":"page","link":"https:\/\/szixi.hu\/web\/index.php\/sziasztok-nyolcadikosok\/","title":{"rendered":"Sziasztok, Nyolcadikosok!"},"content":{"rendered":"\n<p><strong>Elj\u00f6tt egy nagy pillanat az \u00e9letedben: itt az id\u0151, hogy k\u00f6z\u00e9piskol\u00e1t v\u00e1lassz!<\/strong><br>Ez az egyik els\u0151 komoly d\u00f6nt\u00e9sed, \u00e9s nem mindegy, hol folytatod a tanulm\u00e1nyaidat. Egy j\u00f3 iskola biztos alapot adhat a sikeres j\u00f6v\u0151dh\u00f6z. Ez\u00e9rt szeretn\u00e9nk bemutatni neked a kom\u00e1romi <strong>Sz\u00e9ch\u00e9nyi Technikumot<\/strong> vagy ahogy mindenki ismeri a v\u00e1rosban \u00e9s k\u00f6rny\u00e9k\u00e9n: a <strong>SZIXI-t<\/strong>!<\/p>\n\n\n\n<p><strong>Mi\u00e9rt \u00e9rdemes a SZIXI-t v\u00e1lasztanod?<\/strong><\/p>\n\n\n\n<p><strong>Szakmai \u00e9retts\u00e9gi<\/strong><br>N\u00e1lunk nemcsak \u00e9retts\u00e9git szerzel, hanem egy szakm\u00e1t is a kezedbe kapsz. Olyan ter\u00fcleteken tanulhatsz, amelyekre nagy a kereslet, \u00edgy ak\u00e1r k\u00f6zvetlen\u00fcl a suli ut\u00e1n is k\u00f6nnyen tal\u00e1lhatsz j\u00f3l fizet\u0151 \u00e1ll\u00e1st.<\/p>\n\n\n\n<p><strong>Havi \u00f6szt\u00f6nd\u00edj<\/strong><br>Itt a tanul\u00e1s\u00e9rt t\u00e9nyleg j\u00e1r jutalom. Az \u00e1gazati alapk\u00e9pz\u00e9s alatt havonta 8 000 forint \u00fcti a markod, ut\u00e1na pedig a teljes\u00edtm\u00e9nyedt\u0151l f\u00fcgg\u0151en ak\u00e1r 10\u201350 ezer forintot is kaphatsz. Ha leteszed a szakmai vizsg\u00e1t, egyszeri p\u00e1lyakezd\u00e9si t\u00e1mogat\u00e1sban is r\u00e9szes\u00fclsz, ami ak\u00e1r 300 ezer forint is lehet.<\/p>\n\n\n\n<p><strong>Korszer\u0171 sz\u00e1m\u00edt\u00f3g\u00e9pek<\/strong><br>Modern informatikai termekben tanulhatsz, ahol minden adott a gyakorlati \u00e9s \u00e9lvezetes munk\u00e1hoz.<\/p>\n\n\n\n<p><strong>CISCO Akad\u00e9mia tags\u00e1g<\/strong><br>Ha az informatika \u00e9rdekel, k\u00fcl\u00f6n\u00f6sen nagy lehet\u0151s\u00e9get kapsz. R\u00e9szt vehetsz a CISCO Akad\u00e9mia k\u00e9pz\u00e9sein, ahol nemzetk\u00f6zileg elismert vizsg\u00e1kat tehetsz le (pl. CCNA), amik \u00f3ri\u00e1si el\u0151nyt adnak majd a munkaer\u0151piacon.<\/p>\n\n\n\n<figure class=\"wp-block-image size-full\"><img loading=\"lazy\" decoding=\"async\" width=\"2000\" height=\"1414\" src=\"https:\/\/szixi.hu\/web\/wp-content\/uploads\/2025\/10\/2e93b309-fc50-4bf2-9652-da01b56258f3.jpg\" alt=\"\" class=\"wp-image-3820\" srcset=\"https:\/\/szixi.hu\/web\/wp-content\/uploads\/2025\/10\/2e93b309-fc50-4bf2-9652-da01b56258f3.jpg 2000w, https:\/\/szixi.hu\/web\/wp-content\/uploads\/2025\/10\/2e93b309-fc50-4bf2-9652-da01b56258f3-768x543.jpg 768w, https:\/\/szixi.hu\/web\/wp-content\/uploads\/2025\/10\/2e93b309-fc50-4bf2-9652-da01b56258f3-1536x1086.jpg 1536w\" sizes=\"auto, (max-width: 2000px) 100vw, 2000px\" \/><\/figure>\n\n\n\n<p class=\"has-big-font-size\"><strong>Hogyan juthatsz el az elhat\u00e1roz\u00e1st\u00f3l az els\u0151 tan\u00edt\u00e1si napig?<\/strong><\/p>\n\n\n\n<p>Els\u0151re bonyolultnak t\u0171nhet, de v\u00e9gig seg\u00edt\u00fcnk az \u00faton.<\/p>\n\n\n\n<section class=\"wp-admission-timeline\" aria-labelledby=\"wp-admission-title\">\n  <style>\n    \/* ===== Timeline block (scoped) ===== *\/\n    .wp-admission-timeline{--c-bg:#f2f2f2;--c-line:#e3e3e3;--c-text:#222;--c-muted:#666;--c-accent:#111;--max:1100px}\n    .wp-admission-timeline{box-sizing:border-box;margin:2rem auto;padding:0 1rem;color:var(--c-text);max-width:var(--max);font:normal 16px\/1.6 system-ui,-apple-system,Segoe UI,Roboto,Arial}\n    .wp-admission-timeline *{box-sizing:border-box}\n    .wp-admission-timeline h2{font-size:clamp(1.6rem,2.5vw,2.4rem);line-height:1.2;margin:0 0 .25rem;color:var(--c-accent)}\n    .wp-admission-timeline .sub{margin:0 0 2rem;color:var(--c-muted)}\n    .wp-admission-timeline .grid{position:relative;display:grid;grid-template-columns:1fr minmax(20px,40px) 1fr;gap:2rem 2rem}\n    .wp-admission-timeline .line{position:absolute;left:calc(50% - 2px);top:0;bottom:0;width:4px;background:var(--c-line);border-radius:4px}\n    .wp-admission-timeline .item{position:relative;background:var(--c-bg);padding:1.25rem 1.25rem;border-radius:.5rem}\n    .wp-admission-timeline .item h3{margin:.2rem 0 .5rem;font-size:1.2rem}\n    .wp-admission-timeline .item p{margin:.25rem 0}\n    .wp-admission-timeline .badge{position:relative;display:flex;align-items:center;justify-content:center;width:42px;height:42px;border-radius:50%;background:#fff;border:3px solid var(--c-line);margin:0 auto}\n    .wp-admission-timeline .icon{font-size:1.1rem}\n    .wp-admission-timeline .muted{color:var(--c-muted)}\n    .wp-admission-timeline .strong{font-weight:700}\n    \/* Zig-zag layout *\/\n    .wp-admission-timeline .L{grid-column:1 \/ 2}\n    .wp-admission-timeline .C{grid-column:2 \/ 3;display:flex;align-items:center;justify-content:center}\n    .wp-admission-timeline .R{grid-column:3 \/ 4}\n    \/* Responsive: stack on small screens *\/\n    @media (max-width: 820px){\n      .wp-admission-timeline .grid{grid-template-columns:1fr}\n      .wp-admission-timeline .line{left:20px;width:4px}\n      .wp-admission-timeline .C{grid-column:1}\n      .wp-admission-timeline .badge{margin-left:0}\n      .wp-admission-timeline .L,.wp-admission-timeline .R{grid-column:1}\n      .wp-admission-timeline .item{margin-left:3.2rem}\n    }\n  <\/style>\n\n  <div class=\"grid\" role=\"list\">\n    <div class=\"line\" aria-hidden=\"true\"><\/div>\n\n    <!-- 1 -->\n    <article class=\"L item\" role=\"listitem\">\n      <h3>Keresg\u00e9l\u00e9s \u00e9s d\u00f6nt\u00e9s<\/h3>\n      <p>Itt indul az eg\u00e9sz. Gondolkodsz, hogy mihez lenne kedved, melyik iskola illik hozz\u00e1d. Ny\u00edlt napokon, weboldalakon \u00e9s a bar\u00e1tok, sz\u00fcl\u0151k tan\u00e1csaib\u00f3l gy\u0171jtesz inf\u00f3t. Sz\u00e1nj r\u00e1 id\u0151t, hogy t\u00e9nyleg j\u00f3 d\u00f6nt\u00e9st hozz!<\/p>\n      <p class=\"muted\">Tipp: n\u00e9zd \u00e1t a technikumok k\u00edn\u00e1lat\u00e1t, \u00e9s v\u00e1laszd, ami legjobban passzol hozz\u00e1d.<\/p>\n    <\/article>\n    <div class=\"C\"><div class=\"badge\" aria-hidden=\"true\"><span class=\"icon\">\ud83c\udf92<\/span><\/div><\/div>\n    <div class=\"R\"><\/div>\n\n    <!-- 2 -->\n    <div class=\"L\"><\/div>\n    <div class=\"C\"><div class=\"badge\" aria-hidden=\"true\"><span class=\"icon\">\ud83d\uddc2\ufe0f<\/span><\/div><\/div>\n    <article class=\"R item\" role=\"listitem\">\n      <h3>Jelentkez\u00e9s<\/h3>\n      <p>Ekkor jelzed az \u00e1ltal\u00e1nos iskol\u00e1dban, hov\u00e1 szeretn\u00e9l tov\u00e1bbtanulni. Az iskola \u00f6sszegy\u0171jti a k\u00edv\u00e1ns\u00e1gokat, \u00e9s megy is a jelentkez\u00e9s a k\u00f6zponti rendszerben.<\/p>\n      <p class=\"muted\">Fontos: a hat\u00e1rid\u0151ket mindig tartsd szem el\u0151tt!<\/p>\n    <\/article>\n\n    <!-- 3 -->\n    <article class=\"L item\" role=\"listitem\">\n      <h3>Ideiglenes lista<\/h3>\n      <p>M\u00e1rcius k\u00f6rny\u00e9k\u00e9n felker\u00fcl a rangsor a netre. Itt l\u00e1thatod, hogy \u00e1llsz, van-e es\u00e9lyed bejutni a kiszemelt suliba.<\/p>\n      <p class=\"muted\">A v\u00e9gleges eredm\u00e9ny k\u00e9s\u0151bb j\u00f6n, ez csak egy el\u0151zetes.<\/p>\n    <\/article>\n    <div class=\"C\"><div class=\"badge\" aria-hidden=\"true\"><span class=\"icon\">\ud83d\udcdc<\/span><\/div><\/div>\n    <div class=\"R\"><\/div>\n\n    <!-- 4 -->\n    <div class=\"L\"><\/div>\n    <div class=\"C\"><div class=\"badge\" aria-hidden=\"true\"><span class=\"icon\">\u2728<\/span><\/div><\/div>\n    <article class=\"R item\" role=\"listitem\">\n      <h3>Felvettek!<\/h3>\n      <p>Ha a v\u00e9gleges list\u00e1n ott van a k\u00f3dod a \u201efelvett\u201d sorban, akkor siker\u00fclt! Gratula, bent vagy az iskol\u00e1ban.<\/p>\n      <p class=\"muted\">M\u00e1r csak a beiratkoz\u00e1s van h\u00e1tra.<\/p>\n    <\/article>\n\n    <!-- 5 -->\n    <article class=\"L item\" role=\"listitem\">\n      <h3>Beiratkoz\u00e1s<\/h3>\n      <p>A kijel\u00f6lt napon elm\u00e9sz az iskol\u00e1ba, leadod a pap\u00edrokat \u00e9s hivatalosan is di\u00e1k leszel. Itt tal\u00e1lkozol el\u0151sz\u00f6r az \u00faj oszt\u00e1lyf\u0151n\u00f6k\u00f6ddel \u00e9s oszt\u00e1lyt\u00e1rsaiddal is.<\/p>\n    <\/article>\n    <div class=\"C\"><div class=\"badge\" aria-hidden=\"true\"><span class=\"icon\">\ud83d\udcc4<\/span><\/div><\/div>\n    <div class=\"R\"><\/div>\n\n    <!-- 6 -->\n    <div class=\"L\"><\/div>\n    <div class=\"C\"><div class=\"badge\" aria-hidden=\"true\"><span class=\"icon\">\ud83c\udf1e<\/span><\/div><\/div>\n    <article class=\"R item\" role=\"listitem\">\n      <h3>Els\u0151 tan\u00edt\u00e1si nap<\/h3>\n      <p>Szeptemberben becs\u00f6ngetnek, megtartj\u00e1k az \u00e9vnyit\u00f3t, \u00e9s kezd\u0151dhet is a k\u00f6z\u00e9piskol\u00e1s kaland!<\/p>\n    <\/article>\n  <\/div>\n<\/section>\n\n\n\n<p class=\"has-big-font-size\"><strong>A di\u00e1k\u00e9letr\u0151l<\/strong><\/p>\n\n\n\n<blockquote class=\"wp-block-quote is-layout-flow wp-block-quote-is-layout-flow\">\n<p>Peti: \u201eAz\u00e9rt v\u00e1lasztottam a Sz\u00e9chenyit, mert itt olyan szakm\u00e1t tanulhatok, ami a j\u00f6v\u0151ben sok lehet\u0151s\u00e9get ad, biztos alapot kapunk a tov\u00e1bbtanul\u00e1shoz vagy a munk\u00e1ba \u00e1ll\u00e1shoz. Nagyon j\u00f3, hogy gyakorlati tud\u00e1st is szerz\u00fcnk \u00e9s nemcsak elm\u00e9letet tanulunk. Az iskola t\u00e1mogatja, hogy versenyeken induljunk, szakmai programokon vegy\u00fcnk r\u00e9szt, \u00e9s ez mindig nagy \u00e9lm\u00e9ny. \u00cdgy nemcsak tanulunk, hanem tapasztalatokat is szerz\u00fcnk, \u00e9s j\u00f3 \u00e9rz\u00e9s, amikor eredm\u00e9nyeket \u00e9r\u00fcnk el.\u201d<\/p>\n<\/blockquote>\n\n\n\n<blockquote class=\"wp-block-quote is-layout-flow wp-block-quote-is-layout-flow\">\n<p>Dorka: \u201eA Sz\u00e9chenyiben nemcsak a tanul\u00e1sr\u00f3l sz\u00f3l minden, hanem rengeteg k\u00f6z\u00f6s \u00e9lm\u00e9nyr\u0151l is. Az iskola sok programot szervez, p\u00e9ld\u00e1ul sportnapokat, g\u00f3lyat\u00e1bort, tanulm\u00e1nyi kir\u00e1ndul\u00e1sokat, ahol igaz\u00e1n j\u00f3 a hangulat, \u00e9s mindenki jobban megismeri egym\u00e1st. Ezek a programok mindig \u00f6sszekov\u00e1csolj\u00e1k a k\u00f6z\u00f6ss\u00e9get, \u00e9s felejthetetlen \u00e9lm\u00e9nyeket adnak. Szeretek r\u00e9szt venni rajtuk, mert ilyenkor nemcsak tanulunk, hanem egy\u00fctt nevet\u00fcnk, sportolunk, \u00faj dolgokat fedez\u00fcnk fel. Az iskol\u00e1nk csal\u00e1dias hangulat\u00fa, k\u00f6nny\u0171 bar\u00e1tokat szerezni, \u00e9s itt t\u00e9nyleg mindenki seg\u00edt\u0151k\u00e9sz.\u201d <\/p>\n<\/blockquote>\n\n\n\n<figure class=\"wp-block-image aligncenter size-full is-resized is-style-default\"><img loading=\"lazy\" decoding=\"async\" width=\"1902\" height=\"907\" src=\"https:\/\/szixi.hu\/web\/wp-content\/uploads\/2025\/09\/diakelet.png\" alt=\"\" class=\"wp-image-3503\" style=\"width:925px;height:auto\" srcset=\"https:\/\/szixi.hu\/web\/wp-content\/uploads\/2025\/09\/diakelet.png 1902w, https:\/\/szixi.hu\/web\/wp-content\/uploads\/2025\/09\/diakelet-768x366.png 768w, https:\/\/szixi.hu\/web\/wp-content\/uploads\/2025\/09\/diakelet-1536x732.png 1536w\" sizes=\"auto, (max-width: 1902px) 100vw, 1902px\" \/><\/figure>\n","protected":false},"excerpt":{"rendered":"<p>Elj\u00f6tt egy nagy pillanat az \u00e9letedben: itt az id\u0151, hogy k\u00f6z\u00e9piskol\u00e1t v\u00e1lassz!Ez az egyik els\u0151 komoly d\u00f6nt\u00e9sed, \u00e9s nem mindegy, hol folytatod a tanulm\u00e1nyaidat. Egy j\u00f3 iskola biztos alapot adhat a sikeres j\u00f6v\u0151dh\u00f6z. Ez\u00e9rt szeretn\u00e9nk bemutatni neked a kom\u00e1romi Sz\u00e9ch\u00e9nyi Technikumot vagy ahogy mindenki ismeri a v\u00e1rosban \u00e9s k\u00f6rny\u00e9k\u00e9n: a [&hellip;]<\/p>\n","protected":false},"author":6,"featured_media":0,"parent":0,"menu_order":0,"comment_status":"closed","ping_status":"closed","template":"","meta":{"_EventAllDay":false,"_EventTimezone":"","_EventStartDate":"","_EventEndDate":"","_EventStartDateUTC":"","_EventEndDateUTC":"","_EventShowMap":false,"_EventShowMapLink":false,"_EventURL":"","_EventCost":"","_EventCostDescription":"","_EventCurrencySymbol":"","_EventCurrencyCode":"","_EventCurrencyPosition":"","_EventDateTimeSeparator":"","_EventTimeRangeSeparator":"","_EventOrganizerID":[],"_EventVenueID":[],"_OrganizerEmail":"","_OrganizerPhone":"","_OrganizerWebsite":"","_VenueAddress":"","_VenueCity":"","_VenueCountry":"","_VenueProvince":"","_VenueState":"","_VenueZip":"","_VenuePhone":"","_VenueURL":"","_VenueStateProvince":"","_VenueLat":"","_VenueLng":"","_VenueShowMap":false,"_VenueShowMapLink":false,"footnotes":""},"class_list":["post-3489","page","type-page","status-publish","hentry"],"_links":{"self":[{"href":"https:\/\/szixi.hu\/web\/index.php\/wp-json\/wp\/v2\/pages\/3489","targetHints":{"allow":["GET"]}}],"collection":[{"href":"https:\/\/szixi.hu\/web\/index.php\/wp-json\/wp\/v2\/pages"}],"about":[{"href":"https:\/\/szixi.hu\/web\/index.php\/wp-json\/wp\/v2\/types\/page"}],"author":[{"embeddable":true,"href":"https:\/\/szixi.hu\/web\/index.php\/wp-json\/wp\/v2\/users\/6"}],"replies":[{"embeddable":true,"href":"https:\/\/szixi.hu\/web\/index.php\/wp-json\/wp\/v2\/comments?post=3489"}],"version-history":[{"count":5,"href":"https:\/\/szixi.hu\/web\/index.php\/wp-json\/wp\/v2\/pages\/3489\/revisions"}],"predecessor-version":[{"id":3821,"href":"https:\/\/szixi.hu\/web\/index.php\/wp-json\/wp\/v2\/pages\/3489\/revisions\/3821"}],"wp:attachment":[{"href":"https:\/\/szixi.hu\/web\/index.php\/wp-json\/wp\/v2\/media?parent=3489"}],"curies":[{"name":"wp","href":"https:\/\/api.w.org\/{rel}","templated":true}]}}